it of j?
2
Let y(u) = 9*u**2 - 5*u - 5. Let b be y(-2). Suppose l = 3*k - 0*l - 131, -k + l = -b. Let g = -26 + k. What is the units digit of g?
9
Let g(m) = 6*m**3 - 10*m**2 + 9*m + 7. What is the units digit of g(8)?
1
Let t be ((-14)/(-21))/((-3)/(-207)). Suppose 3*i - t = i. What is the tens digit of i?
2
Let b = 1 - -60. Let i = -20 + b. What is the units digit of i?
1
Suppose 0 = -0*i + 8*i - 3504. Suppose -5*u + z = -i, -2*z - 3 = -z. What is the units digit of u?
7
Let m(x) be the third derivative of -x**4/12 - 2*x**3/3 + 12*x**2. What is the units digit of m(-6)?
8
Suppose -2*p - 26 = 3*j - 135, 3*j = 4*p - 191. What is the units digit of p?
0
Suppose 22*p - 32*p + 12630 = 0. What is the tens digit of p?
6
Suppose -2*o = 3*x - 1291, 2*x - 9 = o - 658. What is the hundreds digit of o?
6
Let d be (0 + -2)/((-8)/28). Let n = 114 - 112. Suppose -n*x + 3*x = d. What is the units digit of x?
7
What is the tens digit of (2135/15 + 4)/(1/6)?
7
Let p(i) = -36*i + 289. What is the hundreds digit of p(3)?
1
Suppose s = -3*l + 1819, -4*l - 4*s = -l - 1804. Let j = l + -348. What is the tens digit of j?
6
Let u(y) = -y**3 - y**2 + y + 6. Let a be u(0). Suppose 0 = a*n - n. Let d = 15 + n. What is the units digit of d?
5
What is the hundreds digit of 2/7*-1*-7 + 1657?
6
Suppose 130*u + 23625 = 139*u. What is the tens digit of u?
2
Suppose -2*f + 23 = f - 2*w, 5*f - 3*w = 37. Suppose f - 17 = -2*h. What is the units digit of ((-22)/h)/(10/(-30))?
1
Let n(i) = i**2 + 1. Let y be n(0). Let c be (y - -1)*9/2. Let w = 15 + c. What is the units digit of w?
4
Let h(a) = -2*a - 19. Let i be h(-9). Let n be 14 + -12 + -9 + i. Let y(t) = -t**3 - 8*t**2 + 9. What is the units digit of y(n)?
9
Let o(r) = -r**2 + 4*r - 2. Let u be o(2). Let g(a) = -4*a**2 + 10*a**u - a**2 + 5 + 3*a - 2*a**2. What is the tens digit of g(-4)?
4
Suppose -3*y = -6*y - 3. What is the hundreds digit of 199/2 - (y - 2/4)?
1
Suppose 5*w - 3*x = 8187, -5*w = x - 4023 - 4168. What is the thousands digit of w?
1
Let v(h) = 93*h - 4. Let r(i) = -140*i + 6. Let w(f) = -5*r(f) - 7*v(f). What is the tens digit of w(1)?
4
Suppose -46 = 4*g + 38. Let v be (-30)/g - (-6)/(-14). What is the tens digit of ((-1)/v)/((-9)/117)?
1
Suppose -2*j = 2*s - 8, 0*s - s + 6 = 2*j. Let p(b) = 2 - s + 2 + 3*b. What is the units digit of p(2)?
8
Let t(m) = m**2 - 4*m + 586. What is the units digit of t(0)?
6
Let d(p) = -p**2 + 3*p. Let g be d(3). Suppose 4*q + g*q + 56 = 0. What is the tens digit of 1044/28 - (-4)/q?
3
Suppose -400 = -7*x - 113. Suppose 0 = 2*t - x - 15. What is the tens digit of t?
2
Suppose 4*q - 14 = -2*n, 0*q + 3*q - 3*n - 6 = 0. Suppose 0 = v - 5*v - q*u + 737, 0 = -3*v - 3*u + 549. What is the tens digit of v?
8
Suppose -3*s + f + 5427 = 7*f, -4*f = -12. What is the tens digit of s?
0
Suppose -3*s = s. Let b(d) = 0*d + s*d - 7 + 23 - d. What is the tens digit of b(-12)?
2
Let s(x) = x**3 - 21*x**2 - 22*x - 36. What is the tens digit of s(23)?
1
Let p = -189 + 120. Suppose -137 = 5*d - 4*o, 57 = -4*d - 4*o - 67. Let m = d - p. What is the tens digit of m?
4
Suppose 24 = -7*a + 15*a. What is the tens digit of a/((-5)/((-1760)/12))?
8
Let w(o) = 9*o**2 + 5*o. Let f be w(-3). Suppose 3*z + a - 143 = 0, -z + f - 22 = 4*a. What is the units digit of z?
8
Let q = 109 - -65. What is the hundreds digit of q?
1
What is the thousands digit of (0 - -1)*-405*30/(-6)?
2
What is the thousands digit of 4 - 2478/7*-8?
2
Let r(a) be the third derivative of a**5/20 - a**4/12 - 7*a**3/3 - 12*a**2. What is the tens digit of r(-6)?
0
Suppose -10*v = -9*v. Suppose v = 3*k + 2*k - 505. What is the tens digit of k?
0
Suppose 6 = 5*y - 4. Suppose 0 = -y*m + 24 + 12. What is the tens digit of m?
1
Suppose 3*y + 8 = -31. Let u = 18 + y. Suppose 0 = -5*k - u*j + 10 + 10, -3*k + 5*j + 28 = 0. What is the units digit of k?
6
Let n = -12 - -16. Let g = 11 - n. What is the tens digit of 79/g + (-6)/21?
1
Let b be 972/(-99) - 2/11. Let i be (-1)/1*(b - -7). What is the tens digit of (-6 - -3)*(-40)/i?
4
Let n(c) = -c**3 - 17*c**2 + 9*c - 69. What is the units digit of n(-21)?
6
Let y be 5/(20/(-12)) + 3. Suppose b - 2 = -y. Suppose 3*g - 2 = b*g. What is the units digit of g?
2
Let m = 1527 + 274. What is the tens digit of m?
0
Let m(s) = -s**3 + 28*s**2 - 139*s - 33. What is the hundreds digit of m(17)?
7
Let c = -67 + 72. Suppose 0 = 3*j + d - 274, -c*j + 2*d = -3*d - 490. What is the tens digit of j?
9
Let k be (-10586)/(-201) + (4/(-3))/2. Let p = k + -50. What is the units digit of p?
2
Suppose 0 = 3*t - 51 - 24. Let r = t + -17. What is the units digit of r?
8
Let n(z) = 2*z - 1. Let l be n(9). Suppose -y + l = 40. Let r = y + 68. What is the tens digit of r?
4
Suppose 8 = -3*o + 5*m, -o + 2*o - m = -4. Let q be ((-62)/o)/(4/60). Suppose -4*a + 17 = -q. What is the units digit of a?
3
Let s = -260 - -1563. What is the units digit of s?
3
Let c = -5 - -8. Suppose 2*p - c*h + 6*h - 308 = 0, 3*p - 4*h = 428. What is the tens digit of p?
4
Let o(m) = -15*m + 378. What is the units digit of o(-41)?
3
What is the units digit of (-654)/(-10) + (6 - (-64)/(-10))?
5
Suppose 3*s = 0, -4*s + 383 + 376 = a. What is the tens digit of a?
5
Suppose 2*i + 907 = 2*l + 323, 4*l + 5*i = 1204. What is the tens digit of l?
9
Suppose 30713 - 10418 = 15*p. What is the thousands digit of p?
1
Suppose 2*s = 4*s - 102. Let k = s + -19. What is the units digit of k?
2
Let f be (2 - (-2 - -3))/((-6)/(-18)). Suppose -3*z + z = -f*q + 477, -5*z = 4*q - 636. What is the units digit of q?
9
Let d(u) = 2*u**2 + 6*u - 4. Let r be d(-5). Suppose 5*n = -3*w - 41 + 183, -4*n = r. What is the tens digit of w?
5
Let p(t) = 8*t - 53. Let a be p(6). What is the tens digit of 146 + (-7 - -5) + a?
3
Let q(c) = c**3 + c + 406. What is the hundreds digit of q(0)?
4
Let g = 3125 - -1989. What is the thousands digit of g?
5
Let s = -49 - -26. Let z = 94 + s. What is the tens digit of z?
7
Let l(j) = -j**3 - 8*j**2 + 19*j - 18. What is the hundreds digit of l(-11)?
1
Let d = 15 - 16. Let s be (d/3)/((-10)/(-60)). Let g(r) = 5*r**2 + r + 4. What is the tens digit of g(s)?
2
Let h = 5345 - 3023. What is the units digit of h?
2
Suppose -2*q - 2620 = -2*k, 5*q = -2 - 13. What is the units digit of k?
7
Let a = 1541 - 286. What is the hundreds digit of a?
2
Let m(o) be the first derivative of -1/4*o**4 + 5 - 5/2*o**2 + 8/3*o**3 + 0*o. What is the units digit of m(7)?
4
What is the tens digit of ((1645/10 - 2) + 4)*2?
3
Let m(l) = -l**3 + 60*l**2 - 163*l - 169. What is the tens digit of m(56)?
4
Let j(v) = v**3 - 7*v**2 + 2*v - 8. Let x be j(7). Suppose 0 = -h - h + x. Suppose 3*f = 4*d - 153, -3*d + 0*d = -h*f - 114. What is the tens digit of d?
3
Suppose -4*d + 4*h = -1144, -2*d - 18*h + 537 = -13*h. What is the hundreds digit of d?
2
Suppose -9*o = 2*l - 10*o - 2405, -o - 4807 = -4*l. What is the hundreds digit of l?
2
Let j = -2798 + 4096. What is the units digit of j?
8
Let w(o) = -o + 2. Let c be w(14). What is the units digit of (-2 + 14)*(-45)/c?
5
Let g(n) = -2*n**3 + 33*n**2 + 4*n + 16. What is the hundreds digit of g(16)?
3
Let x(v) = v - 8. Let a be x(9). Suppose i = -c + 9, i = -5*c - a - 2. What is the units digit of i?
2
Suppose -13*i = 3*p - 9*i - 10908, -2*p - 3*i + 7272 = 0. What is the thousands digit of p?
3
Suppose 0 = -a + 5. Suppose 332 = -3*c + a*c. Suppose -5*d = -79 - c. What is the tens digit of d?
4
Suppose 32*f = 27*f + 1475. What is the hundreds digit of f?
2
Let s = 270 - 147. Suppose 9 = -6*y + s. What is the tens digit of y?
1
Suppose 0 = o - 8*o + 42. Suppose -2*m - o = -42. What is the tens digit of m?
1
Suppose -4*t + 28 = -4*p, 4*p - 42 = -4*t + 10. Let a = 214 - t. What is the tens digit of a?
0
What is the hundreds digit of (21 - 21) + 311 + 2?
3
Let v(o) = -5*o**2 - 3*o + 10. Let h be v(4). Let f = 286 + h. What is the units digit of f?
4
Let t be 550*5*(-4)/(-50). Suppose 3*s + 2*s - 1107 = -3*x, -s = 2*x - t. What is the tens digit of s?
2
Suppose -5*y + 60 = s, -49 - 173 = -3*s - y. What is the units digit of s?
5
Let c(h) = 4*h**3 + 4*h**2 + 4*h + 54. Let a(f) = 5*f**3 + 5*f**2 + 5*f + 53. Let v(l) = -3*a(l) + 4*c(l). What is the tens digit of v(0)?
5
Let n = 195 + 1016. What is the units digit of n?
1
Suppose -4*r = -45